ed by 27.
18
Calculate the remainder when 2633 is divided by 184.
57
Calculate the remainder when 1989923 is divided by 556.
555
Calculate the remainder when 58885 is divided by 102.
31
Calculate the remainder when 6767 is divided by 479.
61
Calculate the remainder when 1823165 is divided by 934.
931
Calculate the remainder when 5537 is divided by 103.
78
What is the remainder when 181060 is divided by 42?
40
Calculate the remainder when 81947 is divided by 150.
47
What is the remainder when 38849 is divided by 2425?
49
What is the remainder when 28674 is divided by 14287?
100
Calculate the remainder when 33773 is divided by 193.
191
What is the remainder when 3597 is divided by 898?
5
Calculate the remainder when 32841 is divided by 204.
201
Calculate the remainder when 11334 is divided by 26.
24
What is the remainder when 71888 is divided by 65?
63
What is the remainder when 33115 is divided by 1435?
110
Calculate the remainder when 2856 is divided by 808.
432
What is the remainder when 335243 is divided by 25?
18
What is the remainder when 958648 is divided by 6?
4
Calculate the remainder when 1782075 is divided by 11.
9
What is the remainder when 6923 is divided by 6840?
83
What is the remainder when 1915 is divided by 181?
105
What is the remainder when 6656376 is divided by 379?
378
What is the remainder when 84668 is divided by 227?
224
Calculate the remainder when 24193 is divided by 6045.
13
What is the remainder when 51828 is divided by 51821?
7
What is the remainder when 6054 is divided by 42?
6
What is the remainder when 734800 is divided by 91848?
16
What is the remainder when 549 is divided by 45?
9
Calculate the remainder when 677949 is divided by 235.
209
Calculate the remainder when 2783 is divided by 602.
375
Calculate the remainder when 1319 is divided by 116.
43
Calculate the remainder when 53788 is divided by 163.
161
What is the remainder when 4925 is divided by 1144?
349
What is the remainder when 1011197 is divided by 671?
0
What is the remainder when 62710 is divided by 358?
60
What is the remainder when 116454 is divided by 5289?
96
Calculate the remainder when 564540 is divided by 711.
6
What is the remainder when 576395 is divided by 288194?
7
What is the remainder when 4710 is divided by 540?
390
Calculate the remainder when 30155 is divided by 1555.
610
Calculate the remainder when 2574 is divided by 66.
0
What is the remainder when 65175 is divided by 557?
6
Calculate the remainder when 9441 is divided by 61.
47
Calculate the remainder when 39790 is divided by 202.
198
Calculate the remainder when 3316 is divided by 1101.
13
Calculate the remainder when 50210 is divided by 3.
2
What is the remainder when 3937 is divided by 101?
99
What is the remainder when 39417 is divided by 231?
147
Calculate the remainder when 31440 is divided by 31427.
13
What is the remainder when 78407 is divided by 121?
120
Calculate the remainder when 1727 is divided by 25.
2
What is the remainder when 8901 is divided by 21?
18
What is the remainder when 4421 is divided by 638?
593
Calculate the remainder when 3555 is divided by 108.
99
What is the remainder when 1663405 is divided by 29?
23
Calculate the remainder when 24790 is divided by 8174.
268
Calculate the remainder when 422799 is divided by 1543.
17
What is the remainder when 704 is divided by 179?
167
What is the remainder when 352 is divided by 18?
10
Calculate the remainder when 195090 is divided by 24385.
10
Calculate the remainder when 36555 is divided by 494.
493
What is the remainder when 26758 is divided by 49?
4
What is the remainder when 58818 is divided by 2352?
18
What is the remainder when 155950 is divided by 77951?
48
Calculate the remainder when 1479625 is divided by 9.
7
What is the remainder when 52636 is divided by 21?
10
Calculate the remainder when 1311273 is divided by 413.
411
Calculate the remainder when 221 is divided by 28.
25
What is the remainder when 1818 is divided by 65?
63
Calculate the remainder when 1711 is divided by 1371.
340
Calculate the remainder when 6720 is divided by 2227.
39
What is the remainder when 1845216 is divided by 26?
22
Calculate the remainder when 5203 is divided by 45.
28
What is the remainder when 2898 is divided by 715?
38
What is the remainder when 36397 is divided by 36395?
2
What is the remainder when 66824 is divided by 8338?
120
What is the remainder when 7876 is divided by 36?
28
Calculate the remainder when 750 is divided by 363.
24
Calculate the remainder when 164837 is divided by 520.
517
Calculate the remainder when 7603 is divided by 1085.
8
What is the remainder when 17819 is divided by 15?
14
Calculate the remainder when 4476 is divided by 1942.
592
Calculate the remainder when 94380 is divided by 94373.
7
What is the remainder when 105330 is divided by 34?
32
Calculate the remainder when 4755 is divided by 56.
51
What is the remainder when 8640 is divided by 4313?
14
Calculate the remainder when 23612 is divided by 675.
662
Calculate the remainder when 31278 is divided by 31241.
37
Calculate the remainder when 65564 is divided by 124.
92
Calculate the remainder when 2876 is divided by 573.
11
What is the remainder when 22358 is divided by 29?
28
Calculate the remainder when 119046 is divided by 7.
4
What is the remainder when 7953 is divided by 156?
153
Calculate the remainder when 1648 is divided by 1182.
466
What is the remainder when 21936 is divided by 236?
224
Calculate the remainder when 339281 is divided by 183.
182
What is the remainder when 20555 is divided by 12?
11
What is the remainder when 9161 is divided by 9145?
16
What is the remainder when 9593 is divided by 1898?
103
What is the remainder when 34384 is divided by 359?
279
What is the remainder when 10883 is divided by 2699?
87
Calculate the remainder when 4253 is divided by 214.
187
What is the remainder when 2302 is divided by 27?
7
What is the remainder when 41757 is divided by 32?
29
What is the remainder when 293 is divided by 145?
3
Calculate the remainder when 6491 is divided by 164.
95
What is the remainder when 226033 is divided by 2?
1
What is the remainder when 6396 is divided by 136?
4
Calculate the remainder when 237043 is divided by 1912.
1867
What is the remainder when 1912 is divided by 1475?
437
Calculate the remainder when 10006 is divided by 9309.
697
Calculate the remainder when 221099 is divided by 275.
274
Calculate the remainder when 55466 is divided by 14.
12
What is the remainder when 9091 is divided by 64?
3
Calculate the remainder when 3876 is divided by 210.
96
What is the remainder when 721079 is divided by 45?
44
Calculate the remainder when 31214 is divided by 6236.
34
Calculate the remainder when 1390 is divided by 1388.
2
Calculate the remainder when 105930 is divided by 62.
34
What is the remainder when 5505 is divided by 81?
78
What is the remainder when 25183 is divided by 787?
786
Calculate the remainder when 7896 is divided by 34.
8
What is the remainder when 5908 is divided by 5815?
93
What is the remainder when 27829 is divided by 9153?
370
Calculate the remainder when 4986 is divided by 2405.
176
What is the remainder when 34184 is divided by 259?
255
Calculate the remainder when 48762 is divided by 1354.
18
Calculate the remainder when 1346 is divided by 498.
350
Calculate the remainder when 196410 is divided by 216.
66
Calculate the remainder when 109085 is divided by 207.
203
Calculate the remainder when 1152 is divided by 69.
48
Calculate the remainder when 1482 is divided by 490.
12
What is the remainder when 1325 is divided by 745?
580
What is the remainder when 738852 is divided by 39?
36
What is the remainder when 295934 is divided by 3746?
0
Calculate the remainder when 100608 is divided by 16.
0
What is the remainder when 1409 is divided by 120?
89
What is the remainder when 36686 is divided by 113?
74
What is the remainder when 84377 is divided by 28?
13
What is the remainder when 16835 is divided by 2401?
28
Calculate the remainder when 3853 is divided by 44.
25
Calculate the remainder when 3000 is divided by 384.
312
What is the remainder when 2085 is divided by 171?
33
What is the remainder when 15936 is divided by 13?
11
What is the remainder when 13407 is divided by 1670?
47
Calcula